{"id":1019,"date":"2020-12-26T15:46:30","date_gmt":"2020-12-26T15:46:30","guid":{"rendered":"https:\/\/www.aiudulmeu.ro\/szabo\/?page_id=1019"},"modified":"2023-09-18T09:13:22","modified_gmt":"2023-09-18T09:13:22","slug":"hu","status":"publish","type":"page","link":"https:\/\/www.aiudulmeu.ro\/szabo\/","title":{"rendered":"Home"},"content":{"rendered":"<div class=\"wpb-content-wrapper\"><p>[vc_row fullwidth=&#8221;yes&#8221;][vc_column][rev_slider_vc alias=&#8221;szabo-home-hu&#8221;][\/vc_column][\/vc_row][vc_row el_class=&#8221;bg-color&#8221; css=&#8221;.vc_custom_1609026885471{padding-top: 32px !important;padding-bottom: 0px !important;}&#8221;][vc_column][vc_column_text]<\/p>\n<h2 class=\"text-white text-center text-center-mobile font-size-24 margin-bottom-0\">Szab\u00f3 J\u00e1nos amat\u0151r fot\u00f3s hagyat\u00e9ka \/ \u00a9 Bethlen G\u00e1bor Dokument\u00e1ci\u00f3s K\u00f6nyvt\u00e1r, Nagyenyed<\/h2>\n<h2 class=\"text-white text-center text-center-mobile font-size-22 margin-bottom-0\">Digitaliz\u00e1l\u00e1s: Azopan Fot\u00f3arch\u00edvum \/ Weboldal: AiudulMeu.ro<\/h2>\n<p>[\/vc_column_text][\/vc_column][\/vc_row][vc_row css=&#8221;.vc_custom_1609028529920{padding-top: 80px !important;padding-bottom: 20px !important;}&#8221;][vc_column offset=&#8221;vc_col-md-8&#8243;]\n    <h2 class=\"text-left\" >A fot\u00f3s hagyat\u00e9k\u00e1r\u00f3l<\/h2>\n    \t    <div class=\"wprt-lines style-1 custom-3\">\n\t        <div class=\"line-1\"><\/div>\n\t    <\/div>\n    \n        \t\n[vc_empty_space height=&#8221;30px&#8221;][vc_column_text]Szab\u00f3 J\u00e1nos f\u00e9nyk\u00e9phagyat\u00e9k\u00e9nak egy kis r\u00e9sze ma a nagyenyedi Bethlen G\u00e1bor Dokument\u00e1ci\u00f3s K\u00f6nyvt\u00e1rban tal\u00e1lhat\u00f3. K\u00e9t album \u0151rizte meg az \u00e1ltal k\u00e9sz\u00edtett fot\u00f3k negat\u00edvjait. Ezek n\u00e9h\u00e1ny nagy\u00edtott felv\u00e9telen k\u00edv\u00fcl nyomtatott form\u00e1ban nem \u0151rz\u0151dtek meg. Most ezekb\u0151l tesz\u00fcnk k\u00f6zz\u00e9 egy v\u00e1logat\u00e1st, amelynek seg\u00edts\u00e9g\u00e9vel betekint\u00e9st nyerhet\u00fcnk egy nagyenyedi fiatalember mindennapjaiba 1932 \u00e9s 1939 k\u00f6z\u00f6tt. Tov\u00e1bbi f\u00e9nyk\u00e9pei \u00e9s negat\u00edvjai jelenleg mag\u00e1ntulajdonban vannak. K\u00f6sz\u00f6net illeti Maxim Enik\u0151t, aki elhozta a negat\u00edvokat \u00e9s n\u00e9hai Marx \u00c1gnest \u00e9s Marx M\u00e1rt\u00e1t, akik a k\u00f6nyvt\u00e1rnak adom\u00e1nyozt\u00e1k azokat.\u00a0 \u00a0Ez\u00faton is b\u00edztatok mindenkit, hogy merje r\u00e1nk b\u00edzni ezeket a r\u00e9gi f\u00e9nyk\u00e9pet \u00e9s dokumentumokat, mivel ez\u00e1ltal lehet\u0151v\u00e9 v\u00e1lik azok meg\u0151rz\u00e9se az ut\u00f3kor sz\u00e1m\u00e1ra szakszer\u0171 t\u00e1rol\u00e1s \u00e9s feldolgoz\u00e1s mellett. Nem utols\u00f3 sorban pedig k\u00f6zkinccs\u00e9 v\u00e1lnak, olyan \u00e9rt\u00e9kk\u00e9, amelyekre m\u00e9lt\u00e1n b\u00fcszke lehet minden jelenlegi \u00e9s volt nagyenyedi lakos.<\/p>\n<p><a href=\"https:\/\/www.aiudulmeu.ro\/szabo\/fenykephagyateka\/\">Teljes sz\u0151veg<\/a>[\/vc_column_text][\/vc_column][vc_column offset=&#8221;vc_col-md-4&#8243;][vc_single_image image=&#8221;1185&#8243; img_size=&#8221;full&#8221;][\/vc_column][\/vc_row]<\/p>\n<\/div>","protected":false},"excerpt":{"rendered":"<p>[vc_row fullwidth=&#8221;yes&#8221;][vc_column][rev_slider_vc alias=&#8221;szabo-home-hu&#8221;][\/vc_column][\/vc_row][vc_row el_class=&#8221;bg-color&#8221; css=&#8221;.vc_custom_1609026885471{padding-top: 32px !important;padding-bottom: 0px !important;}&#8221;][vc_column][vc_column_text] Szab\u00f3 J\u00e1nos amat\u0151r fot\u00f3s hagyat\u00e9ka \/ \u00a9 Bethlen G\u00e1bor Dokument\u00e1ci\u00f3s K\u00f6nyvt\u00e1r, Nagyenyed Digitaliz\u00e1l\u00e1s: Azopan Fot\u00f3arch\u00edvum \/ Weboldal: AiudulMeu.ro [\/vc_column_text][\/vc_column][\/vc_row][vc_row css=&#8221;.vc_custom_1609028529920{padding-top: 80px !important;padding-bottom: 20px !important;}&#8221;][vc_column offset=&#8221;vc_col-md-8&#8243;][vc_empty_space height=&#8221;30px&#8221;][vc_column_text]Szab\u00f3 J\u00e1nos f\u00e9nyk\u00e9phagyat\u00e9k\u00e9nak egy kis r\u00e9sze ma a nagyenyedi Bethlen G\u00e1bor Dokument\u00e1ci\u00f3s K\u00f6nyvt\u00e1rban tal\u00e1lhat\u00f3. K\u00e9t album \u0151rizte meg az \u00e1ltal k\u00e9sz\u00edtett [&hellip;]<\/p>\n","protected":false},"author":1,"featured_media":0,"parent":0,"menu_order":0,"comment_status":"closed","ping_status":"closed","template":"page-templates\/template-trans.php","meta":{"footnotes":""},"class_list":["post-1019","page","type-page","status-publish","hentry"],"yoast_head":"<!-- This site is optimized with the Yoast SEO plugin v27.4 - https:\/\/yoast.com\/product\/yoast-seo-wordpress\/ -->\n<title>Home - Szab\u00f3 J\u00e1nos fot\u00f3m\u0171v\u00e9sz<\/title>\n<meta name=\"robots\" content=\"index, follow, max-snippet:-1, max-image-preview:large, max-video-preview:-1\" \/>\n<link rel=\"canonical\" href=\"https:\/\/www.aiudulmeu.ro\/szabo\/\" \/>\n<meta property=\"og:locale\" content=\"en_US\" \/>\n<meta property=\"og:type\" content=\"article\" \/>\n<meta property=\"og:title\" content=\"Szab\u00f3 J\u00e1nos amat\u0151r fot\u00f3s hagyat\u00e9ka\" \/>\n<meta property=\"og:description\" content=\"[vc_row fullwidth=&#8221;yes&#8221;][vc_column][rev_slider_vc alias=&#8221;szabo-home-hu&#8221;][\/vc_column][\/vc_row][vc_row el_class=&#8221;bg-color&#8221; css=&#8221;.vc_custom_1609026885471{padding-top: 32px !important;padding-bottom: 0px !important;}&#8221;][vc_column][vc_column_text] Szab\u00f3 J\u00e1nos amat\u0151r fot\u00f3s hagyat\u00e9ka \/ \u00a9 Bethlen G\u00e1bor Dokument\u00e1ci\u00f3s K\u00f6nyvt\u00e1r, Nagyenyed Digitaliz\u00e1l\u00e1s: Azopan Fot\u00f3arch\u00edvum \/ Weboldal: AiudulMeu.ro [\/vc_column_text][\/vc_column][\/vc_row][vc_row css=&#8221;.vc_custom_1609028529920{padding-top: 80px !important;padding-bottom: 20px !important;}&#8221;][vc_column offset=&#8221;vc_col-md-8&#8243;][vc_empty_space height=&#8221;30px&#8221;][vc_column_text]Szab\u00f3 J\u00e1nos f\u00e9nyk\u00e9phagyat\u00e9k\u00e9nak egy kis r\u00e9sze ma a nagyenyedi Bethlen G\u00e1bor Dokument\u00e1ci\u00f3s K\u00f6nyvt\u00e1rban tal\u00e1lhat\u00f3. K\u00e9t album \u0151rizte meg az \u00e1ltal k\u00e9sz\u00edtett [&hellip;]\" \/>\n<meta property=\"og:url\" content=\"https:\/\/www.aiudulmeu.ro\/szabo\/\" \/>\n<meta property=\"og:site_name\" content=\"Szab\u00f3 J\u00e1nos fot\u00f3m\u0171v\u00e9sz\" \/>\n<meta property=\"article:modified_time\" content=\"2023-09-18T09:13:22+00:00\" \/>\n<meta property=\"og:image\" content=\"https:\/\/www.aiudulmeu.ro\/szabo\/wp-content\/uploads\/2022\/10\/szabo-janos-social.jpg\" \/>\n\t<meta property=\"og:image:width\" content=\"1230\" \/>\n\t<meta property=\"og:image:height\" content=\"706\" \/>\n\t<meta property=\"og:image:type\" content=\"image\/jpeg\" \/>\n<meta name=\"twitter:card\" content=\"summary_large_image\" \/>\n<meta name=\"twitter:title\" content=\"Szab\u00f3 J\u00e1nos amat\u0151r fot\u00f3s hagyat\u00e9ka\" \/>\n<meta name=\"twitter:image\" content=\"https:\/\/www.aiudulmeu.ro\/szabo\/wp-content\/uploads\/2022\/10\/szabo-janos-social.jpg\" \/>\n<meta name=\"twitter:label1\" content=\"Est. reading time\" \/>\n\t<meta name=\"twitter:data1\" content=\"1 minute\" \/>\n<script type=\"application\/ld+json\" class=\"yoast-schema-graph\">{\"@context\":\"https:\\\/\\\/schema.org\",\"@graph\":[{\"@type\":\"WebPage\",\"@id\":\"https:\\\/\\\/www.aiudulmeu.ro\\\/szabo\\\/\",\"url\":\"https:\\\/\\\/www.aiudulmeu.ro\\\/szabo\\\/\",\"name\":\"Home - Szab\u00f3 J\u00e1nos fot\u00f3m\u0171v\u00e9sz\",\"isPartOf\":{\"@id\":\"https:\\\/\\\/www.aiudulmeu.ro\\\/szabo\\\/#website\"},\"datePublished\":\"2020-12-26T15:46:30+00:00\",\"dateModified\":\"2023-09-18T09:13:22+00:00\",\"breadcrumb\":{\"@id\":\"https:\\\/\\\/www.aiudulmeu.ro\\\/szabo\\\/#breadcrumb\"},\"inLanguage\":\"en-US\",\"potentialAction\":[{\"@type\":\"ReadAction\",\"target\":[\"https:\\\/\\\/www.aiudulmeu.ro\\\/szabo\\\/\"]}]},{\"@type\":\"BreadcrumbList\",\"@id\":\"https:\\\/\\\/www.aiudulmeu.ro\\\/szabo\\\/#breadcrumb\",\"itemListElement\":[{\"@type\":\"ListItem\",\"position\":1,\"name\":\"Home\",\"item\":\"https:\\\/\\\/www.aiudulmeu.ro\\\/szabo\\\/\"},{\"@type\":\"ListItem\",\"position\":2,\"name\":\"Home\"}]},{\"@type\":\"WebSite\",\"@id\":\"https:\\\/\\\/www.aiudulmeu.ro\\\/szabo\\\/#website\",\"url\":\"https:\\\/\\\/www.aiudulmeu.ro\\\/szabo\\\/\",\"name\":\"Szab\u00f3 J\u00e1nos fot\u00f3m\u0171v\u00e9sz\",\"description\":\"nagyenyedi fot\u00f3m\u0171v\u00e9sz\",\"potentialAction\":[{\"@type\":\"SearchAction\",\"target\":{\"@type\":\"EntryPoint\",\"urlTemplate\":\"https:\\\/\\\/www.aiudulmeu.ro\\\/szabo\\\/?s={search_term_string}\"},\"query-input\":{\"@type\":\"PropertyValueSpecification\",\"valueRequired\":true,\"valueName\":\"search_term_string\"}}],\"inLanguage\":\"en-US\"}]}<\/script>\n<!-- \/ Yoast SEO plugin. -->","yoast_head_json":{"title":"Home - Szab\u00f3 J\u00e1nos fot\u00f3m\u0171v\u00e9sz","robots":{"index":"index","follow":"follow","max-snippet":"max-snippet:-1","max-image-preview":"max-image-preview:large","max-video-preview":"max-video-preview:-1"},"canonical":"https:\/\/www.aiudulmeu.ro\/szabo\/","og_locale":"en_US","og_type":"article","og_title":"Szab\u00f3 J\u00e1nos amat\u0151r fot\u00f3s hagyat\u00e9ka","og_description":"[vc_row fullwidth=&#8221;yes&#8221;][vc_column][rev_slider_vc alias=&#8221;szabo-home-hu&#8221;][\/vc_column][\/vc_row][vc_row el_class=&#8221;bg-color&#8221; css=&#8221;.vc_custom_1609026885471{padding-top: 32px !important;padding-bottom: 0px !important;}&#8221;][vc_column][vc_column_text] Szab\u00f3 J\u00e1nos amat\u0151r fot\u00f3s hagyat\u00e9ka \/ \u00a9 Bethlen G\u00e1bor Dokument\u00e1ci\u00f3s K\u00f6nyvt\u00e1r, Nagyenyed Digitaliz\u00e1l\u00e1s: Azopan Fot\u00f3arch\u00edvum \/ Weboldal: AiudulMeu.ro [\/vc_column_text][\/vc_column][\/vc_row][vc_row css=&#8221;.vc_custom_1609028529920{padding-top: 80px !important;padding-bottom: 20px !important;}&#8221;][vc_column offset=&#8221;vc_col-md-8&#8243;][vc_empty_space height=&#8221;30px&#8221;][vc_column_text]Szab\u00f3 J\u00e1nos f\u00e9nyk\u00e9phagyat\u00e9k\u00e9nak egy kis r\u00e9sze ma a nagyenyedi Bethlen G\u00e1bor Dokument\u00e1ci\u00f3s K\u00f6nyvt\u00e1rban tal\u00e1lhat\u00f3. K\u00e9t album \u0151rizte meg az \u00e1ltal k\u00e9sz\u00edtett [&hellip;]","og_url":"https:\/\/www.aiudulmeu.ro\/szabo\/","og_site_name":"Szab\u00f3 J\u00e1nos fot\u00f3m\u0171v\u00e9sz","article_modified_time":"2023-09-18T09:13:22+00:00","og_image":[{"width":1230,"height":706,"url":"https:\/\/www.aiudulmeu.ro\/szabo\/wp-content\/uploads\/2022\/10\/szabo-janos-social.jpg","type":"image\/jpeg"}],"twitter_card":"summary_large_image","twitter_title":"Szab\u00f3 J\u00e1nos amat\u0151r fot\u00f3s hagyat\u00e9ka","twitter_image":"https:\/\/www.aiudulmeu.ro\/szabo\/wp-content\/uploads\/2022\/10\/szabo-janos-social.jpg","twitter_misc":{"Est. reading time":"1 minute"},"schema":{"@context":"https:\/\/schema.org","@graph":[{"@type":"WebPage","@id":"https:\/\/www.aiudulmeu.ro\/szabo\/","url":"https:\/\/www.aiudulmeu.ro\/szabo\/","name":"Home - Szab\u00f3 J\u00e1nos fot\u00f3m\u0171v\u00e9sz","isPartOf":{"@id":"https:\/\/www.aiudulmeu.ro\/szabo\/#website"},"datePublished":"2020-12-26T15:46:30+00:00","dateModified":"2023-09-18T09:13:22+00:00","breadcrumb":{"@id":"https:\/\/www.aiudulmeu.ro\/szabo\/#breadcrumb"},"inLanguage":"en-US","potentialAction":[{"@type":"ReadAction","target":["https:\/\/www.aiudulmeu.ro\/szabo\/"]}]},{"@type":"BreadcrumbList","@id":"https:\/\/www.aiudulmeu.ro\/szabo\/#breadcrumb","itemListElement":[{"@type":"ListItem","position":1,"name":"Home","item":"https:\/\/www.aiudulmeu.ro\/szabo\/"},{"@type":"ListItem","position":2,"name":"Home"}]},{"@type":"WebSite","@id":"https:\/\/www.aiudulmeu.ro\/szabo\/#website","url":"https:\/\/www.aiudulmeu.ro\/szabo\/","name":"Szab\u00f3 J\u00e1nos fot\u00f3m\u0171v\u00e9sz","description":"nagyenyedi fot\u00f3m\u0171v\u00e9sz","potentialAction":[{"@type":"SearchAction","target":{"@type":"EntryPoint","urlTemplate":"https:\/\/www.aiudulmeu.ro\/szabo\/?s={search_term_string}"},"query-input":{"@type":"PropertyValueSpecification","valueRequired":true,"valueName":"search_term_string"}}],"inLanguage":"en-US"}]}},"_links":{"self":[{"href":"https:\/\/www.aiudulmeu.ro\/szabo\/wp-json\/wp\/v2\/pages\/1019","targetHints":{"allow":["GET"]}}],"collection":[{"href":"https:\/\/www.aiudulmeu.ro\/szabo\/wp-json\/wp\/v2\/pages"}],"about":[{"href":"https:\/\/www.aiudulmeu.ro\/szabo\/wp-json\/wp\/v2\/types\/page"}],"author":[{"embeddable":true,"href":"https:\/\/www.aiudulmeu.ro\/szabo\/wp-json\/wp\/v2\/users\/1"}],"replies":[{"embeddable":true,"href":"https:\/\/www.aiudulmeu.ro\/szabo\/wp-json\/wp\/v2\/comments?post=1019"}],"version-history":[{"count":39,"href":"https:\/\/www.aiudulmeu.ro\/szabo\/wp-json\/wp\/v2\/pages\/1019\/revisions"}],"predecessor-version":[{"id":2163,"href":"https:\/\/www.aiudulmeu.ro\/szabo\/wp-json\/wp\/v2\/pages\/1019\/revisions\/2163"}],"wp:attachment":[{"href":"https:\/\/www.aiudulmeu.ro\/szabo\/wp-json\/wp\/v2\/media?parent=1019"}],"curies":[{"name":"wp","href":"https:\/\/api.w.org\/{rel}","templated":true}]}}